of y(-3)?
2, 3, 17, 83
Let i = 29 - 24. Suppose -i*g = -9*g. Suppose j + 2*j - 174 = g. List the prime factors of j.
2, 29
Let s(a) = a**3 - 7*a**2 + 5*a + 28. Let i be s(5). Let l = 256 - i. List the prime factors of l.
11, 23
Let i = 34 - 26. Suppose 3*u - 9 = 0, -3*u + i = -4*o + 155. List the prime factors of o.
3, 13
What are the prime factors of (1072/268)/(2/15172)?
2, 3793
Suppose -3*d + 3*y + 157548 = 0, 0 = 524*d - 526*d - y + 105053. List the prime factors of d.
53, 991
Suppose -g = g - 5*x - 52, 0 = -g - 3*x + 37. Let l = 57 - g. Suppose 5*k - 23 = -4*m + 13, -4*k = 3*m - l. What are the prime factors of m?
2, 7
Let r be 3/(12/(-4)) - 6. Let j(t) = 5*t + 37. Let c be j(r). Suppose 3*x - 142 = -c*y - 0*y, 0 = 4*x + 2*y - 186. List the prime factors of x.
2, 11
Let a(q) = q**3 - 18*q**2 + 3*q + 8. Let w be a(18). Suppose -50*r + w*r - 2400 = 0. What are the prime factors of r?
2, 5
Suppose -76*q = -70*q + 6156. Let y = -426 - q. List the prime factors of y.
2, 3, 5
Suppose -3*z - 5*l + 41970 = -30876, z - l - 24258 = 0. List the prime factors of z.
3, 8089
Let c be (56/49)/(5/(70/4)). Suppose 0 = c*t - 3*r - 1838, -4*r - 914 = 3*t - 5*t. What are the prime factors of t?
461
Suppose 20*t - 17321 - 2139 = 0. List the prime factors of -10 + t - 3/12*0.
3, 107
What are the prime factors of (-402)/469 - ((-279046)/14 - 2)?
31, 643
Suppose 164 = -h - 177. Let s = 681 + h. Suppose -10 = -2*f, 5*f + s = 9*k - 4*k. What are the prime factors of k?
73
Let o = 1 + -1. Suppose 1853 = 327*b + 218. Suppose o = 2*g - 0*a + b*a - 147, 155 = 2*g - 3*a. List the prime factors of g.
2, 19
Suppose -9 = 165*x - 164*x. Let i be (-13 + 0)*(-9)/x. Let k(s) = -s**2 - 30*s - 17. List the prime factors of k(i).
2, 3, 17
Let n(h) = -70*h**3 - 49*h - 56. List the prime factors of n(-5).
7, 1277
Let b(w) = -2*w**3 + 15*w**2 - 7*w - 20. Let q be b(7). Let z = -17 - q. Suppose -8*h + 528 = z*h. What are the prime factors of h?
2, 3
Let l(q) = 12*q**3 - 1 + 5*q**2 - 6*q + 2*q**2 - 3*q**2 - 6*q**3. Let k(a) = -4*a - 21. Let n be k(-6). What are the prime factors of l(n)?
179
Let d = 7383 + -3322. List the prime factors of d.
31, 131
Suppose -340*t + 2148232 = -2621628. What are the prime factors of t?
14029
Suppose y + 3*v = -8, 3*y + 0*v - 2*v = 20. Suppose 2*o = -y*g + 3358, -71 + 1752 = o + 4*g. List the prime factors of o.
3, 13, 43
Let h be (-3951 + 10)*(-144)/21. What are the prime factors of (-1 - 2) + 6 + h/16?
2, 3, 47
Let l(n) = -n**2 - 19*n + 9. Let x(t) be the third derivative of t**5/60 - 5*t**4/8 + 7*t**3/2 - t**2. Let j be x(12). List the prime factors of l(j).
3, 23
Let m = 511 + 971. Suppose -37*a = -43*a + m. List the prime factors of a.
13, 19
Let d(g) = 5 + 5 + 35 + 6*g. List the prime factors of d(8).
3, 31
Let t(z) = -4*z**3 - 7*z**2 + 13*z + 12. Let a be t(6). List the prime factors of (2/(-9))/(6/a).
2, 19
Let m(r) = -38*r**3 + 2*r**2 + 5*r + 2. Let a = 52 + -46. Suppose 0 = -3*b + a, 0 = 4*o - 4*b + 13 - 1. What are the prime factors of m(o)?
37
Suppose -q + 962 = 25*q. Let t = q + 876. List the prime factors of t.
11, 83
Let z(s) = 175*s - 9. Let x be z(1). Suppose x = 6*a - 650. What are the prime factors of a?
2, 17
Suppose 60*i - 57*i = 2*s - 20363, -4*i = -28. What are the prime factors of s?
2, 7, 13
Suppose -4*f - 99 = -3*t - 395, -2*f = 2*t - 162. Suppose 23 + f = 5*b. Suppose 372 = 24*j - b*j. List the prime factors of j.
3, 31
Let f = -47 - -68. Let t(r) = -r - 6 + 5 + r**3 - f*r + 12*r**2 - 7. List the prime factors of t(-13).
109
Let x be (-2)/(-6) + (-50)/(-30). Let h(l) = 3*l + 1 + 7*l**2 - 5*l - l**x. What are the prime factors of h(5)?
3, 47
Let h(g) = g**3 + 10*g**2 + 11*g - 4. Let d = -1 + 22. Let z be -3 + (-57)/d + 4/(-14). List the prime factors of h(z).
2, 37
Let n be -104 + 4 + 1 + -2. Let j = -264 - -449. Let q = j + n. What are the prime factors of q?
2, 3, 7
Let n be 247*(-1 - 0)/(6/(-6)). Suppose n - 47 = 10*o. List the prime factors of -2 + 48/o - (-813)/5.
163
Suppose -2*c = -22*c + 100. Suppose -c*b + 1925 = 3*y, 4*b - 572 - 976 = -4*y. List the prime factors of b.
2, 191
Suppose -d = 91 - 101. Suppose 5*i - 2*w = -2149 + 7588, 5*w = -d. List the prime factors of i.
1087
Suppose 0 = 137*b - 11*b - 1017828. List the prime factors of b.
2, 7, 577
Let u = -53 - 49. Let m = u + 290. List the prime factors of m.
2, 47
Let s = -3 + -42. Let y = s - 20. Let t = y - -147. What are the prime factors of t?
2, 41
Let o(v) = -9*v + 16*v - 12 + 11*v + 7*v. Suppose f + 15 = 6*f. What are the prime factors of o(f)?
3, 7
Suppose 14*v + 3*t - 152759 = 9*v, -4*t = 3*v - 91673. List the prime factors of v.
11, 2777
Let q = 270 - -2409. Suppose 0 = -6*z + q + 1941. What are the prime factors of z?
2, 5, 7, 11
Suppose -5*g + 38391 = 3*c, 5*c = -9*g + 11*g - 15375. What are the prime factors of g?
2, 3, 5
Suppose 129999 = -98*y + 312276 + 987941. What are the prime factors of y?
11941
Suppose -50*k + 1793834 = -13*k. List the prime factors of k.
2, 7, 3463
Let w(p) = 9*p**2 + 6*p - 41. Let l be w(5). What are the prime factors of (2220/(-50))/(l/(-70) + 3)?
3, 7, 37
Let b(g) be the third derivative of 11*g**7/840 + g**6/360 + g**4/24 + 17*g**2. Let u(l) be the second derivative of b(l). List the prime factors of u(2).
2, 17
Let o = 30699 - 18814. List the prime factors of o.
5, 2377
Suppose -7*u + 7314 = -u. Let t = u + -623. What are the prime factors of t?
2, 149
Suppose -119*h - 10*h + 62952 = 0. What are the prime factors of h?
2, 61
List the prime factors of (15 + -227603)/(1 + -5).
56897
Suppose 0 = 25*x - 38*x + 169. Suppose -13563 = -22*b + x*b. What are the prime factors of b?
11, 137
Suppose 13 = 3*d - 0*d - c, 0 = 5*c + 20. Suppose -941 + 158 = -d*y. What are the prime factors of y?
3, 29
Suppose 118*r - 3959236 - 123839 = -17*r. List the prime factors of r.
5, 23, 263
Let v(s) = 454*s**2 - 62*s - 231. What are the prime factors of v(-4)?
3, 809
Let n = 1408 + -588. Suppose 268 = -4*i + n. What are the prime factors of (i/(-8))/((-3)/8)?
2, 23
Let y(x) = -4*x**3 + 25*x**2 + 43*x - 174. List the prime factors of y(-15).
2, 3, 113
Suppose 8*x - 210 = 2*x. Suppose 13*q - 8*q = -x. Let h(z) = z**3 + 8*z**2 + 4*z - 13. List the prime factors of h(q).
2
Suppose 7*n - 5*w = 8*n - 18798, 37624 = 2*n - 4*w. List the prime factors of n.
2, 2351
Suppose -55204 - 45568 = -43*q + 686902. What are the prime factors of q?
2, 3, 43, 71
Let v(y) = -y + 2. Let o be v(5). Let f = -1 - o. What are the prime factors of -1*4*(-16)/f?
2
Let j = -138 + 2589. Suppose -j - 813 = -8*m. What are the prime factors of m?
2, 3, 17
Let q be ((-27)/(-6) + -4)*0/2. Let l be (1 + q)*((-3)/1 + 5). Suppose -2*h - 3*h - 4*c = -388, 5*h - l*c = 406. List the prime factors of h.
2, 5
Let j be (-8)/(-12)*15 - -4. Let q(i) = 2*i - j + 2*i - i + i**2 + 0*i**2. What are the prime factors of q(8)?
2, 37
Let h = 1946 + -1945. Let d(f) = 0 + f + 36*f**3 + 0. What are the prime factors of d(h)?
37
Let h be -2*(-2 - 0)/((-64)/(-112)). Suppose h*j + 1 = 36. Suppose -11*m - 5*n + 272 = -7*m, -3*m - j*n = -204. List the prime factors of m.
2, 17
Suppose 0 = -v - 3*a + 17, 7 = -4*v - 2*a + 5*a. Suppose p = 5*w - 4, v*w + 2*w = p + 3. List the prime factors of (w - 124)*2/(-3).
2, 41
Suppose -2*g + 5*g = 4*f + 146, 0 = -5*g + 5*f + 235. Let m = 45 - g. Suppose 2*s - 198 = -0*t + 3*t, m*s - 311 = t. What are the prime factors of s?
3, 5, 7
Suppose 91*v = 3*j + 87*v - 13105, -2*j = -5*v - 8725. List the prime factors of j.
5, 7
Suppose 15 = 2*b + 2*z - 19, 33 = b + 5*z. Suppose 1620 = -8*d + b*d. What are the prime factors of d?
2, 3
Let b(t) = -16*t - 10. Let q(z) = z**2 + 16*z + 6. Let o be q(-17). Suppose 5*f = -5*j - 73 + o, -4*f - 16 = 0. What are the prime factors of b(j)?
2, 43
Suppose 0 = -p + 5, 274 = -4*c + 7*c - p. Suppose 10*i = 3067 + c. List the prime factors of i.
2, 79
Suppose -2*h = -4*n - 21226, 36*h + 21170 = 38*h + 4*n. What are the prime factors of h?
3, 3533
Let d(x) = -29*x - 48. Let t(m) = -30*m - 46. Let s(p) = 6*d(p) - 5*t(p). What are the prime factors of s(-7)?
2, 5, 11
Suppose 0 = 2*n + 2*s - 2870, -4*n + s + 5722 = -s. Let b be (-2)/5*(-1)/1*10. Suppose b*k = 12*k - n. List the prime factors of k.
179
Let i(f) = -124*f + 10576. What are the pri